of 5199336?
2, 3, 24071
List the prime factors of 203689.
347, 587
What are the prime factors of 84253?
13, 6481
What are the prime factors of 38766096?
2, 3, 269209
List the prime factors of 5009589.
3, 13, 47, 911
List the prime factors of 133864.
2, 29, 577
List the prime factors of 474131.
7, 67733
List the prime factors of 8767280.
2, 5, 29, 3779
List the prime factors of 803069.
373, 2153
List the prime factors of 339383.
11, 30853
What are the prime factors of 266472?
2, 3, 3701
What are the prime factors of 466251?
3, 73, 2129
What are the prime factors of 2044092?
2, 3, 170341
List the prime factors of 483650.
2, 5, 17, 569
What are the prime factors of 15688751?
13, 1206827
What are the prime factors of 15120133?
7, 43, 191, 263
What are the prime factors of 3112416?
2, 3, 101, 107
What are the prime factors of 874640?
2, 5, 13, 29
List the prime factors of 2514536.
2, 19, 71, 233
List the prime factors of 14429185.
5, 2885837
List the prime factors of 3705344.
2, 7237
What are the prime factors of 401792?
2, 43, 73
List the prime factors of 282116.
2, 70529
What are the prime factors of 668059?
7, 19, 5023
What are the prime factors of 19994116?
2, 73, 68473
List the prime factors of 698426.
2, 137, 2549
List the prime factors of 22802.
2, 13, 877
What are the prime factors of 480364?
2, 120091
What are the prime factors of 4216544?
2, 17, 23, 337
What are the prime factors of 1559206?
2, 11, 17, 379
List the prime factors of 7517283.
3, 31, 80831
List the prime factors of 274590.
2, 3, 5, 113
List the prime factors of 2026343.
11, 41, 4493
List the prime factors of 5340657.
3, 7, 47, 773
List the prime factors of 4352201.
7, 53, 11731
What are the prime factors of 6783917?
7, 969131
What are the prime factors of 6309305?
5, 1261861
What are the prime factors of 160405?
5, 7, 4583
What are the prime factors of 3410626?
2, 41, 41593
What are the prime factors of 7818291?
3, 13, 19, 3517
List the prime factors of 8055486.
2, 3, 447527
What are the prime factors of 634050?
2, 3, 5, 1409
What are the prime factors of 677508?
2, 3, 13, 43, 101
List the prime factors of 7876067.
2213, 3559
List the prime factors of 456638.
2, 7, 13, 193
List the prime factors of 79638.
2, 3, 13, 1021
List the prime factors of 96372.
2, 3, 2677
List the prime factors of 285701.
13, 21977
What are the prime factors of 391548?
2, 3, 67, 487
What are the prime factors of 691763?
691763
List the prime factors of 378338.
2, 189169
List the prime factors of 29852130.
2, 3, 5, 7, 11, 12923
What are the prime factors of 412494?
2, 3, 68749
What are the prime factors of 78052?
2, 13, 19, 79
List the prime factors of 520279.
520279
List the prime factors of 1313045.
5, 59, 4451
What are the prime factors of 975022?
2, 373, 1307
List the prime factors of 2161625.
5, 17293
List the prime factors of 260237.
197, 1321
List the prime factors of 10972285.
5, 2194457
List the prime factors of 344832.
2, 3, 449
What are the prime factors of 3651173?
19, 41, 43, 109
What are the prime factors of 4589610?
2, 3, 5, 59, 2593
What are the prime factors of 703311?
3, 7, 107, 313
List the prime factors of 75150.
2, 3, 5, 167
List the prime factors of 940927.
13, 72379
List the prime factors of 154810.
2, 5, 113, 137
List the prime factors of 672550.
2, 5, 13451
What are the prime factors of 754984?
2, 19, 4967
List the prime factors of 28235568.
2, 3, 588241
List the prime factors of 19006844.
2, 31, 153281
List the prime factors of 357102.
2, 3, 17, 389
What are the prime factors of 6450340?
2, 5, 13, 24809
What are the prime factors of 643322?
2, 321661
What are the prime factors of 4372196?
2, 17, 113, 569
What are the prime factors of 896118?
2, 3, 233, 641
List the prime factors of 10492674.
2, 3, 19, 92041
List the prime factors of 13112903.
277, 47339
List the prime factors of 4477490.
2, 5, 447749
What are the prime factors of 11351664?
2, 3, 19, 461
List the prime factors of 22736435.
5, 29, 5407
List the prime factors of 5848577.
7, 835511
What are the prime factors of 331042?
2, 103, 1607
List the prime factors of 7944139.
7, 1134877
List the prime factors of 270446.
2, 11, 19, 647
List the prime factors of 6732188.
2, 97, 17351
What are the prime factors of 214839?
3, 73, 109
List the prime factors of 1029756.
2, 3, 7, 13, 23, 41
List the prime factors of 873087.
3, 71, 4099
List the prime factors of 5940383.
5940383
What are the prime factors of 513823?
67, 7669
List the prime factors of 425264.
2, 7, 3797
List the prime factors of 1674457.
1674457
List the prime factors of 4078119.
3, 1359373
What are the prime factors of 26457987?
3, 8819329
What are the prime factors of 216354?
2, 3, 107, 337
What are the prime factors of 24080843?
857, 28099
What are the prime factors of 164485?
5, 67, 491
List the prime factors of 180760.
2, 5, 4519
What are the prime factors of 12003914?
2, 13, 461689
List the prime factors of 1295532.
2, 3, 7, 53, 97
What are the prime factors of 25853?
103, 251
List the prime factors of 4810318.
2, 547, 4397
List the prime factors of 142073.
31, 4583
What are the prime factors of 809754?
2, 3, 11, 12269
List the prime factors of 1192734.
2, 3, 23, 43, 67
What are the prime factors of 2589146?
2, 7, 79, 2341
List the prime factors of 1086884.
2, 163, 1667
List the prime factors of 13635239.
1019, 13381
What are the prime factors of 2062529?
7, 294647
List the prime factors of 526312.
2, 65789
List the prime factors of 2469669.
3, 29, 28387
List the prime factors of 830354.
2, 7, 37, 229
What are the prime factors of 845033?
7, 61, 1979
List the prime factors of 3342427.
11, 113, 2689
List the prime factors of 66968.
2, 11, 761
What are the prime factors of 1815121?
7, 11, 2143
What are the prime factors of 3560925?
3, 5, 79, 601
What are the prime factors of 1167844?
2, 41, 7121
List the prime factors of 318847.
61, 5227
What are the prime factors of 1810350?
2, 3, 5, 149
What are the prime factors of 666430?
2, 5, 66643
What are the prime factors of 81546?
2, 3, 13591
What are the prime factors of 12316838?
2, 797, 7727
List the prime factors of 405872.
2, 25367
List the prime factors of 220481.
97, 2273
What are the prime factors of 706485?
3, 5, 13, 3623
What are the prime factors of 143111?
143111
What are the prime factors of 297688?
2, 127, 293
What are the prime factors of 864303?
3, 11, 2381
List the prime factors of 7720869.
3, 13, 197971
What are the prime factors of 3354430?
2, 5, 29, 43, 269
List the prime factors of 539223.
3, 17, 97, 109
List the prime factors of 2494294.
2, 11, 937
What are the prime factors of 9251698?
2, 4625849
List the prime factors of 1220377.
31, 39367
List the prime factors of 1909601.
389, 4909
List the prime factors of 8904671.
1093, 8147
List the prime factors of 60411.
3, 13, 1549
What are the prime factors of 860145?
3, 5, 11, 13, 401
List the prime factors of 1072383.
3, 13, 31, 887
What are the prime factors of 359430?
2, 3, 5, 11981
What are the prime factors of 654788?
2, 163697
What are the prime factors of 1126703?
1126703
List the prime factors of 2899111.
487, 5953
List the prime factors of 178845.
3, 5, 11923
What are the prime factors of 5830264?
2, 11, 19, 317
List the prime factors of 473613.
3, 7, 19, 1187
List the prime factors of 1545326.
2, 772663
List the prime factors of 10029473.
17, 19, 31051
List the prime factors of 1922440.
2, 5, 13, 3697
What are the prime factors of 32010977?
317, 100981
List the prime factors of 3319758.
2, 3, 13, 4729
What are the prime factors of 203433?
3, 19, 43, 83
What are the prime factors of 30028?
2, 7507
List the prime factors of 4877032.
2, 41, 14869
List the prime factors of 271133.
17, 41, 389
What are the prime factors of 7141045?
5, 1428209
What are the prime factors of 5437976?
2, 679747
List the prime factors of 455200.
2, 5, 569
What are the prime factors of 578093?
578093
What are the prime factors of 3106588?
2, 73, 10639
List the prime factors of 3056862.
2, 3, 509477
List the prime factors of 39118.
2, 19559
List the prime factors of 2521532.
2, 13, 48491
What are the prime factors of 1865528?
2, 7, 4759
What are the prime factors of 2665761?
3, 7, 61, 2081
List the prime factors of 177748.
2, 37, 1201
What are the prime factors of 